 - 32)) + 46.
23
Calculate -57 + (-65 + 53 - (-2 + 0 - (-2 - -4))).
-65
What is 1 + 0 - (-19 + -3) - ((84 - 11) + -66)?
16
-13 - (1 + 8 - (-22 + (-1 - -37)))
-8
What is the value of 8 + (25 - (31 + 44)) - -43?
1
Calculate -4 + (25 - 30 - 5 - (-2 + -33)).
21
Evaluate (-73 - -69) + 80 + 20.
96
Evaluate -2 + 22 + (40 - 73) + -98.
-111
Calculate (1 - -44) + 27109 + -27136.
18
5 + (4 - (0 - -1)) - (67 + -38 - -49)
-70
Calculate (173 - 62 - 107) + (-2 - -1) + 13.
16
Evaluate -2 + -1 - -2 - (13 - (-1 - (-11 + -2))).
-2
Calculate -2 - 39 - (22 - (-22 + (18 - -15) - 0)).
-52
What is (3 + 1 - 6) + (-43 - -67) + -83?
-61
Evaluate -5 + -1 - -2 - (4249 - 4226) - (2 + -16).
-13
Evaluate -8 - 0 - (0 - (-9 - -15)) - (128 + -72).
-58
(-6 - 54 - -61) + (3 - 53)
-49
What is the value of 36 - (-9 + (8 + -3 + -9 - -14))?
35
Evaluate (27 - -2) + -51 - -29 - (-2 + 68).
-59
What is the value of (-25 - (3 + -7 + -1)) + (13 - (-6 - -24))?
-25
What is -20 + 8 + 18 + 16 + -62?
-40
Calculate 121 + 59 - (-36 - -155).
61
Calculate -2 - (-12 + -1) - (25 + -73 + 13).
46
What is -37 + (52 - 36) + 17 + (2 + -3 - -118)?
113
What is the value of 117 - (-49 - -14 - -89)?
63
Calculate 58 + -117 + 30 + 1.
-28
-28 + 8 + 55 + 68
103
Evaluate (0 - -1) + 0 - (-261 - (428 - 709)).
-19
What is -56 - (22 - (-34 - -37 - 12))?
-87
41 - -7 - (-43 + 24 + 12)
55
What is the value of 12 - 15 - 14 - (-111 + 53)?
41
What is (4 - (-4 + 1)) + -36 + (-5 - -49)?
15
What is (-34 - -31) + 1 + 2 + (-177 - -193)?
16
Calculate 2 + -26 + 6 + (16 - (35 + 5)).
-42
Evaluate (37 - (-11 + 81)) + 57.
24
What is the value of -30 + -93 + 120 + (6 - 0 - 21)?
-18
What is -32 - (19 - (-13 + 46))?
-18
Calculate 7 + -121 - (-2179 + 2183).
-118
Evaluate -21 + (-6 - 2) + 88 + -76.
-17
Calculate 233 + -361 - -124 - (1 + 13 + 0).
-18
What is (17 - 58) + (8 - (-14 + 17)) + 9?
-27
-16 - (-22 - (-21 - -10) - -11 - (0 + 9))
-7
-23 + 4 + 849 + -810
20
Evaluate -43 - (11 + 15 + -59) - 19.
-29
-35 + 6 + 9 + -20 + 31 + 56 + -1
46
Evaluate -42 - -15 - -15 - (-2 - 6).
-4
Evaluate -275 - -260 - -33 - (8 - (-1 + 1)).
10
Calculate 26 + 79 + -31 + -36.
38
Calculate 34 + -10 - (18 + -37).
43
Calculate (-6 - (-8 - (-11 - (-19 - 1)))) + -22.
-11
1 + 50 - (265 - 234) - (1 + -1)
20
What is the value of (32 - 61 - -32) + 35?
38
What is (-21 - 80 - -16) + (71 - 37)?
-51
Evaluate -82 + -81 + (4 - (4 + -10 + -6)).
-147
What is the value of -7 - 1 - (-1779 - -1798)?
-27
Calculate -7 + (101 - (-12 - (-7 - 21) - 12 - 3)).
93
Calculate 154 + -148 + (7 + (-5 - -3) - (-65 - -7)).
69
What is 13 - -6 - (77 + (20 - 24))?
-54
Evaluate (-7 - (0 + 2 + 7)) + 135 + -151.
-32
Calculate 5 + 8 - (-78 - -52 - (-2 - 10) - -145).
-118
Evaluate (0 - -1) + 1 - (-17 + (0 - -41) - 17).
-5
What is -8 + (-12 + -1 - (513 - 520))?
-14
Evaluate 13 - (15 - ((0 - -3 - -7) + 4)).
12
What is -37 + 1 + (-220 - -222) + 30?
-4
Evaluate 52 + -92 + 13 + 9.
-18
Calculate (-36 - -37) + 335 + -248.
88
What is the value of (-23 + 21 - (3 + 4 - 15)) + 18?
24
What is the value of (-16 - 27) + 46 + (-2 - (-2 - -32))?
-29
Evaluate 36 + (47 - (108 - 24)).
-1
What is the value of (-15 - (75 - 142)) + -18?
34
7 + 29 - 30 - (7 + 0 - 9)
8
(-206 - -233) + 1 + -18 + 49
59
Evaluate 61 + (-20 - (73 + -32)).
0
Calculate -13 + (-14 - 14) + 4 + -10 + 6.
-41
What is (57 + -114 - -43) + 52?
38
What is -1 - -3 - (5 + 120 - (371 - 297))?
-49
22 + (29 - (139 - 45)) + (5 - -15)
-23
Calculate -14 - (-14 + (-12 - 12 - -21)).
3
What is the value of 31 - ((0 - 13) + -485 + 451)?
78
-19 + 71 + -23 + (2 - (-5 - -15))
21
What is 9 + (5 - -3 - (-2 - (-5 - 13))) + 2?
3
Calculate 3 + 0 + (-58 - (-72 + 21)).
-4
What is the value of -73 + (25 - -2) + -32 + 6?
-72
What is 0 + 18 + (30 - 19 - 51)?
-22
Calculate -36 + 0 - (616 + -617).
-35
What is the value of (-287 - -309) + (0 - 50)?
-28
21 - (27 + -17 + -11 - -19)
3
Evaluate 45 - -2 - (15 + 5 - -2).
25
Calculate -48 - (53 - 57) - -27.
-17
Calculate -57 - (-702 + 687 + (12 - -1)).
-55
Evaluate -31 + 44 + -188 + 32 + 40.
-103
What is the value of 17 + -2 + 28 + 4 - 4?
43
Calculate (14 + -3 - 9) + (-6 - 2) + 59.
53
Calculate (-39 - -46) + 26 + (-4 - -6 - (2 + 7)).
26
Evaluate (19 - 341 - -173) + (-1 - -17).
-133
Evaluate (-19 - -14) + 7 + (3 - (6 + 0)).
-1
-14 + (-11 + 0 - (-790 + 800))
-35
What is the value of (1 - 8) + -6 + -1 + (-3 - (-22 + 8))?
-3
Evaluate -2 - (21 - 34) - (-3 - (-4 - -1)).
11
What is the value of (17 - 39) + 68 - 33?
13
What is (4 + (3 - -33) - 117) + -1 + -4?
-82
Evaluate -13 - (-7 - (10 - 14) - (-128 - -119)).
-19
Calculate 2 + (-14 - -7) + -9.
-14
Evaluate -43 - (120 + -112 + (0 - (1 - -11)) + -3).
-36
What is -15 + -1 - (1 + (-9 - -25) - 22) - -121?
110
What is 37 + -28 + -12 + (0 - ((-3 - 24) + 3))?
21
Calculate 79 + -114 - (-2 + (19 - 5)).
-47
What is (-49 - -54) + (-4 - (-13 + 2 - (-4 - -10)))?
18
What is -8 - -1 - ((0 + 14 - (-401 + 402)) + 15)?
-35
What is the value of (9 - (-24 + 11) - 13) + 9 + -55?
-37
Calculate -24 + 23 + -4 + (13 - (7 + -7)).
8
What is the value of (-5 - -14 - (1 - 1) - -49) + -4?
54
Calculate 40 + (36 - 39) + -16 + -21.
0
Calculate 33 + -66 + 34 + 5.
6
What is the value of 12 - (2 - 3) - (-1 + -2 - (884 - 888))?
12
Evaluate (-2145 - -2136) + 73 + 6.
70
What is -6 - 1 - (-2812 - -2807)?
-2
(-85 - -177) + -93 + 32
31
Evaluate 2 + 3 - (-87 + 88 - 9).
13
Evaluate (-85 - -4) + -473 + 532.
-22
2 - (3 + (-4 - -27) - 74)
50
Calculate 16 + 33 + (-62 - -28) - ((4 - -51) + -4).
-36
Evaluate (-43 - (-35 + 17)) + -53 + -42.
-120
Calculate (-25 + 64 - -61) + -37 - -39.
102
What is (-145 - (127 + -20)) + 128?
-124
Calculate 22 + 13 + (-29 - 10) - (-36 - 0).
32
What is the value of -34 + 4 + 47 - 5 - (0 - 88) - -14?
114
What is the value of 8 - (78 + -35) - -33 - (-12 - 1) - 115?
-104
What is (-2 + 1 - -7) + (101 + -102 - -7)?
12
What is the value of 78 - (-41 + 14 + 2 + 11 - -4) - 10?
78
What is 46 - (19 + 5 + -37 - 1)?
60
-83 + 17 + -1 + 24
-43
(8 + -16 - -11) + 2 + -1 + 0 + 4
8
Evaluate -23 - (0 + -5 + (4 + -9 - 15)).
2
Calculate -416 + 493 + -70 + 7.
14
Evaluate -145 + -6 - (-1113 + 1028).
-66
Evaluate -56 + -3 + 9 + -24 + 20 + 6.
-48
What is the value of (-38 - (3 + 1)) + (-31 - (-56 + 34))?
-51
What is (-21 + 44 + -19 - 7) + 42?
39
What is the value of 75 + (101 - 79) - -2?
99
Calculate -20 - ((-101 - -78) + 16 + 3).
-16
Calculate (-3 - (-23 + 1)) + (18 - (15 + -2)) + -2.
22
Calculate (-78 - 112 - -135) + 37.
-18
13 - (41 + (9 - 66) + (4 - 0))
25
What is -31 + (-7 - (-59 - -23)) - -2?
0
Evaluate (-4 - (29 - 18 - 0)) + (-16 - -8 - 52).
-75
What is (-1 + 4 - (-3 + 10 - 11)) + 1067 + -999?
75
What is -43 + (64 - (-71 + 187))?
-95
What is 2 + 0 + (-4 - (1 + 1)) - (-118 + 91)?
23
Calculate 14 + 0 - (-108 - (-69 + 3)).
56
Calculate -1 + 3 - -1 - (17 - (60 - 30 - -33)).
49
What is the value of 7 + -8 + 14 - (-8 + 9 + -2)?
14
Calculate 1466 - 1599 - (-93 + -2).
-38
1 + 71 - (-6022 + 6180)
-86
What is 150 - (-49 + 106) - 32?
61
-73 + (-82 - -50) + 125
20
What is the value of -66 + -1 + -19 + (78 - 53)?
-61
What is the value of 47 + 10 + -50 + -57?
-50
Calculate 18 + 11 + 11 + (7 + 4 - (7 + 3)).
41
What is 28 + -42 - (3 - 9) - 134?
-142
(-10 - 76) + (75 - -30)
19
Evaluate -88 - -174 - (5 + -5 + 3 - (-30 - -35)).
88
What is the value of -1 + -10 - (62 + -90 + -9)?
26
Evaluate -24 + -13 + (13 - 8 - 5) - -5.
-32
-9 - ((-19 - 4) + 43 - -18)
-47
Evaluate -8 + -4 + (10 + 116 - -4 - (13 - 7)).
112
What is the value of 13 + (-24 - (4 - 8)) - -14?
7
Calculate -105 + (130 - 150 - (-48 + 5)).
-82
Calculate (-690 - -710) + 14 + 2 + (4 - 9).
31
What is the value of 43 + 16 + -38 - 22 - ((70 - 3) + 1)?
-69
What is (-43 - -60) + 8 + -1 + -133 - -11?
-98
What is (-11 - 14) + -57 + 73?
-9
What is the value of -49 - -74 - -49 - 13?
61
-196 + 167 + -56 + 158
73
Calculate (2 - 5) + (156 - 144 - (0 + 21)).
-12
Calculate 6 + (-13 - -14 - 4) + -9.
-6
What is the value of ((8 - 18) + 6 - -10) + 0 - 9 - -9?
6
Calculate (5 + -10 - 9) + -143 + 147.
-10
Calculate 60 + (-138 - (-44 + 31)).
-65
Evaluate (-130 - -6 - 137) + 144.
-117
Calculate (103 - -1) + (-1 - -1) - (-66 + 32 + 30).
108
What is 15 + (1 + -34 - (-40 + 49 + -16))?
-11
What is -39 - -19 - (-56 + 14) - ((-2 - 9) + 1)?
32
What is 52 + (-85 - -56 - -35)?
58
Calculate 15 + -30 + 24 + 34 + -44.
-1
Evaluat